- c**4/4 - 2*c**2 - c. Let u be 6/((-4)/((-8)/(-3))). List the prime factors of d(u).
2, 3
Suppose 4*x = 13 + 39. What are the prime factors of x?
13
List the prime factors of 14/105 - (-8409)/45.
11, 17
Let r(g) = 2*g**2 - 2*g + 3. Let j be r(2). List the prime factors of 172/14 + (-2)/j.
2, 3
Suppose 0 = -5*g + 210 - 15. What are the prime factors of g?
3, 13
Suppose 5*a + 21 + 19 = 0. Let w = 5 - a. List the prime factors of w.
13
Suppose -3*d + 4*d = 37. What are the prime factors of d?
37
Suppose -5*a + 4*a + 11 = 0. Suppose -c - 6 = a. Let y = c + 34. What are the prime factors of y?
17
Let o(c) = -2*c**3 - c**2 + c + 7. What are the prime factors of o(-4)?
5, 23
Let n(t) = 3*t - t - 9 - 3*t. Let m be n(-11). Suppose 0*l = -l + a, 0 = l + m*a - 6. What are the prime factors of l?
2
Suppose 3*f + 12 = 0, 2*f = 5*h - 39 + 6. Let z(t) = t**2 - 6*t + 7. List the prime factors of z(h).
2
Suppose 7*s - 9*s + 106 = 0. What are the prime factors of s?
53
Let t(h) = h**2 + 3*h + 1. Let k be t(-5). Suppose b = 2 + k. List the prime factors of b.
13
Let j(h) = -h**2 + 24*h + 44. List the prime factors of j(22).
2, 11
Let a(z) = z**2 + 7*z - 9. What are the prime factors of a(-9)?
3
Let a(j) = 8*j**2 + 3*j + 3. List the prime factors of a(-2).
29
Suppose -12*w + 1927 + 653 = 0. What are the prime factors of w?
5, 43
Let p(q) = -6. Let r(t) = t + 11. Let s(l) = 5*p(l) + 3*r(l). Let d be s(3). Suppose -d = -2*o - 0*o. List the prime factors of o.
2, 3
Let g be (-2)/6 - (-40)/12. List the prime factors of g/(-18)*-8*3.
2
Let l(k) = -k**2 + k - 1. Let o(q) = 5*q**2 + 3*q - 4. Let x(w) = -4*l(w) - o(w). Let i be x(-6). Let s = i - 7. List the prime factors of s.
7
Let y(g) = -g**3 + 12*g**2 + 6*g + 1. List the prime factors of y(12).
73
Let k(v) = v**3 + 11*v**2 + 7*v + 11. List the prime factors of k(-10).
41
Let p(z) = 17*z - 42. What are the prime factors of p(12)?
2, 3
Suppose 0*n - 75 = -3*t - 2*n, t - 11 = 4*n. Suppose 3*j + 5 - t = 0. Suppose 2*x - j = 4. List the prime factors of x.
5
Let j be 45/(-10)*2/(-3). Suppose 3*t - 10 = 4*i, -2*t + j*t = -i + 1. What are the prime factors of t?
2
Let k(x) = x**2 + 6*x + 4. List the prime factors of k(-6).
2
Let j(z) = -z**2 + 4. Suppose 5 = -c + 5*f, 0*c = c - f + 1. What are the prime factors of j(c)?
2
Let a = 1 + 118. What are the prime factors of a?
7, 17
Let x(m) = m - 13. Let j be x(10). Let y be (4/(-6)*j)/(-2). List the prime factors of 0/(3 + y) - -7.
7
Suppose 47 = 2*n - g, 69 = 3*n - g - 4. What are the prime factors of n?
2, 13
Suppose 15 = -i + 84. What are the prime factors of i?
3, 23
List the prime factors of (2 - 4)/(-2) - -33.
2, 17
Suppose -2*n = 3*a - 0*a - 11, -4*n + 52 = -4*a. List the prime factors of n.
2, 5
Let q(v) = -2*v + 2. Let k be q(3). List the prime factors of 78/8 - 1/k.
2, 5
Suppose 115 = 5*k + c + 2*c, -4*c - 115 = -5*k. Let y = k - 11. List the prime factors of y.
2, 3
Let b(f) = -f**2 + 5*f - 1. Let q be b(4). Suppose q*k - 17 = 40. Suppose -3 = -2*c + k. What are the prime factors of c?
11
List the prime factors of 60/50*100/6.
2, 5
Suppose -4*a = 5*j - a - 187, -4*j + 148 = 2*a. Let w be (-28)/6*9/2. Let k = j + w. What are the prime factors of k?
2, 7
Let s(u) = -2*u + 8. Suppose 4*l - l + 30 = 0. List the prime factors of s(l).
2, 7
Let d(s) = -s**2 - 3*s - 2. Let n be d(-3). What are the prime factors of (-19)/n - 1/2?
3
Let l be 6/(-2)*(-3 - 1). Suppose l = r + 2*r. List the prime factors of r.
2
Let z(l) = -l**2 - 6*l - 4. Let s be z(-3). Suppose s*c + 5*w - 155 = 0, 2*w - 41 = 5*c - 168. Let u = c - 16. What are the prime factors of u?
11
Let p(x) = -8*x - 5. List the prime factors of p(-12).
7, 13
Let p(z) = 6*z. Let s be p(-1). List the prime factors of (-1)/s*3*22.
11
Let o(r) = -r**2 - r + 4. Let w be o(0). Suppose 2*z + 0*z + 92 = 2*q, 5*q - 235 = w*z. List the prime factors of q.
3, 17
Suppose 0 = -0*j + j - 35. Let s = 52 - j. What are the prime factors of s?
17
Let g = -5 + 236. What are the prime factors of g?
3, 7, 11
Let s be 4/16 + 1/(-4). Suppose 0 = g - s*g + 1, 3*g + 11 = -4*j. What are the prime factors of j/(-8) + (-28)/(-16)?
2
Suppose -x = -19 - 25. What are the prime factors of x?
2, 11
Suppose -276 + 0 = -6*y. What are the prime factors of y?
2, 23
Let z(b) = -b**3 + 13*b**2 + b - 11. What are the prime factors of z(13)?
2
What are the prime factors of 71/2 + (-5)/(-10)?
2, 3
Let m(d) = 17*d**2 + 1. What are the prime factors of m(1)?
2, 3
Suppose 0 = 5*p - 3*o + o - 110, -o = 5*p - 125. List the prime factors of (-1 + 3)*p/16.
3
Suppose -5*m + 9 + 16 = 0. List the prime factors of m.
5
Let d = 24 + -17. Let x be ((-12)/d)/(2/(-14)). What are the prime factors of x - 6/(2 - -1)?
2, 5
Let g(b) = b**3 + 6*b**2 - b - 1. Let w be 15/(-5) - 6/2. List the prime factors of g(w).
5
Let z(c) be the second derivative of -c**5/20 + c**4/2 + c**3/3 - 5*c**2/2 - 8*c. What are the prime factors of z(6)?
7
Suppose -16*q + 2 = -15*q. Suppose 0 = -a - g, 2 = -5*g + 17. List the prime factors of (3/a - -2)*q.
2
Let x = -58 - -88. What are the prime factors of x?
2, 3, 5
Let z be 1/4 + 386/(-8). Let m = 77 + z. What are the prime factors of m?
29
Suppose 5*w - 40 = -0*w. Suppose -2*j = w, j - 3*j = 2*d - 24. List the prime factors of d.
2
Suppose 4*u + 8 = 2*u. Let z = u - -4. Let a(j) = -j**3 + j**2 + j + 3. What are the prime factors of a(z)?
3
Let v(m) = m**3 - 12*m**2 - m + 16. Let r be v(12). Let l = 1 + -1. Suppose -4*n - 2 = -3*n, l = -y - r*n. List the prime factors of y.
2
Let j(h) = -h**2 + 4*h. Let m be j(3). Let d = m - -7. List the prime factors of d.
2, 5
Suppose 24 = -5*z - 11. What are the prime factors of 18/z*14/(-3)?
2, 3
Suppose -4*q + 6 = -2*m - 6, 4*q - 16 = 0. Suppose -2*o - x - 28 = -113, m*x + 2 = 0. What are the prime factors of o?
43
Let c(z) = z**2 + 3*z - 18. Suppose 40 = -4*k - 0*k. What are the prime factors of c(k)?
2, 13
Let j(m) = 12*m**3 - 5*m**2 + 3*m - 5. List the prime factors of j(3).
283
Let p(x) = -x**3 + 5*x**2 + 6*x + 4. Let m be p(6). Suppose 4*h - 72 = -m*v, 2*h + h + v - 46 = 0. What are the prime factors of h?
2, 7
Suppose 1 = p - 3*a + 2*a, 4*a = -2*p + 26. Suppose -p*s - 11 = -2*z, 4*z - 6*z - 2*s + 4 = 0. What are the prime factors of z?
3
Suppose 0*i - 3*i - 3 = 0, 3*i - 183 = -3*a. List the prime factors of a.
2, 31
Suppose -2*i + 4*l + 20 = 0, -4*i + 4*l + 61 = 3*l. List the prime factors of i.
2
Let t(c) be the third derivative of -c**5/60 + 7*c**4/24 + 7*c**3/6 - c**2. Let a(w) = -w**2 + 7*w - 3. Let j be a(5). What are the prime factors of t(j)?
7
Let y(i) = i**3 + 8*i**2 + 8*i - 8. Let a be y(-7). Let b = a + 33. List the prime factors of b.
2, 3
Suppose -3*x = -3*f + 15, -x + 5*f - 11 - 14 = 0. Let i be (-894)/(-42) - (-2)/(-7). Suppose x = 3*r - 0*r - i. What are the prime factors of r?
7
Suppose -5*s + 8*s = 60. What are the prime factors of s?
2, 5
Suppose 4*y + 4*n = 60, 8*n - 5*n - 19 = -y. Suppose -2*l + p - 11 = l, 4*p - 17 = 3*l. Let j = l + y. What are the prime factors of j?
2, 5
Let w be (2 - (5 - 0))*-1. Suppose o - w = -0*o. Suppose -5*a = 3*z - 8, -o*z + 2*a + 34 = 2*z. What are the prime factors of z?
2, 3
Suppose -3*k + 91 = 4*x, -4*k = -3*k - 5*x - 5. Let t be 24/(-10)*k/(-2). What are the prime factors of (t/(-25))/(2/(-10))?
2, 3
Let f(s) = 0*s**2 + 2*s**3 - 1 + s**2 - s**2 + s. Suppose -5*y + 1 = 3*a, -3*a - y + 0 = -5. What are the prime factors of f(a)?
17
Let c = -23 - -28. List the prime factors of c.
5
Let f(v) = v**3 - 2*v**2 + v - 7. List the prime factors of f(7).
5, 7
Let n = -20 - -35. Let r be (-3 + n)*2/4. Suppose -t + 5*h = -13, 4*t + 2*h - 2 - r = 0. What are the prime factors of t?
3
Let m(i) = i**3 + 3*i**2 - 3*i + 1. Let n be m(-3). Let q = -5 + n. What are the prime factors of q?
5
Suppose 5*v - 21 - 4 = 0. Suppose -2*m = d + 4*d - 124, 0 = -v*d + 5*m + 110. Suppose 5*x - d = 3*x. What are the prime factors of x?
2, 3
Let b = 6 + -4. Let n = 8 + -5. Suppose b*r + n*r - 65 = 0. List the prime factors of r.
13
Let u = -14 + 17. Suppose m - 4 = u. What are the prime factors of m?
7
Let k(w) = -155*w**3 - 3*w**2 - w + 1. List the prime factors of k(-1).
2, 7, 11
Let v = -5 + 18. Let x be ((-6)/4)/(1/(-2)). Suppose -v - 5 = -x*n. List the prime factors of n.
2, 3